{"id":202,"date":"2016-02-20T17:48:48","date_gmt":"2016-02-20T17:48:48","guid":{"rendered":"https:\/\/heimatverein-baccum.de\/?page_id=202"},"modified":"2025-12-23T20:16:11","modified_gmt":"2025-12-23T19:16:11","slug":"vorstand","status":"publish","type":"page","link":"https:\/\/heimatverein-baccum.de\/?page_id=202","title":{"rendered":"Vorstand"},"content":{"rendered":"<p><strong>1. Vorsitzender<\/strong><br>Franz-Josef Schoo<br>Tel.: (0173) 7218009<br>fj.schoo@web.de<\/p>\n<p><strong>2. Vorsitzender<\/strong><br>Heinrich Schulte<br>L\u00f6pkers Kamp 10<br>Tel.: (0591) 51669<br>schwerdt-schulte@t-online.de<\/p>\n<p><strong>Schatzmeister&nbsp;<\/strong><br>Dieter Pieper<br>Rensing Kamp 10<br>Tel.: (0591) 3598<\/p>\n<p><strong>Schriftf\u00fchrerin<\/strong><br>Herbert Wellermann<br>Antoniusstra\u00dfe 11<br>Tel.: (0591) 51450<\/p>\n<p><strong>Beisitzer<\/strong><\/p>\n<p>Maria Gerlemann<br>Deeringhook 10<br>Tel.: (0591) 57961<\/p>\n<p>Werner Schnieders<br>L\u00f6pkers Kamp 12<br>Tel.: (0591) 53378<\/p>\n<p>Edgar Ahrend<br>Alte Dorfstra\u00dfe 24<br>Tel.: (0591) 54433<\/p>\n<p>Klaus Acker<br>Zum Heuland 1<br>Tel.:&nbsp; (0591) 47424<\/p>\n<p>Ansgar Geers<br>Osterberg 2<br>Tel.: (0160) 96642832<\/p>\n<p>Maria Lohmann<br>Laxtener Str. 12<br>Tel.: (0591) 47881<\/p>\n\n\n<p><\/p>\n","protected":false},"excerpt":{"rendered":"<p>1. VorsitzenderFranz-Josef SchooTel.: (0173) 7218009fj.schoo@web.de 2. VorsitzenderHeinrich SchulteL\u00f6pkers Kamp 10Tel.: (0591) 51669schwerdt-schulte@t-online.de Schatzmeister&nbsp;Dieter PieperRensing Kamp 10Tel.: (0591) 3598 Schriftf\u00fchrerinHerbert WellermannAntoniusstra\u00dfe 11Tel.: (0591) 51450 Beisitzer Maria GerlemannDeeringhook 10Tel.: (0591) 57961 Werner SchniedersL\u00f6pkers Kamp 12Tel.: (0591) 53378 Edgar AhrendAlte Dorfstra\u00dfe 24Tel.: (0591) 54433 Klaus AckerZum Heuland 1Tel.:&nbsp; (0591) 47424 Ansgar GeersOsterberg 2Tel.: (0160) 96642832 Maria LohmannLaxtener Str. &hellip; <a href=\"https:\/\/heimatverein-baccum.de\/?page_id=202\" class=\"more-link\"><span class=\"screen-reader-text\">Vorstand<\/span> weiterlesen <span class=\"meta-nav\">&rarr;<\/span><\/a><\/p>\n","protected":false},"author":1,"featured_media":0,"parent":0,"menu_order":0,"comment_status":"closed","ping_status":"closed","template":"","meta":{"ngg_post_thumbnail":0,"footnotes":""},"class_list":["post-202","page","type-page","status-publish","hentry"],"_links":{"self":[{"href":"https:\/\/heimatverein-baccum.de\/index.php?rest_route=\/wp\/v2\/pages\/202","targetHints":{"allow":["GET"]}}],"collection":[{"href":"https:\/\/heimatverein-baccum.de\/index.php?rest_route=\/wp\/v2\/pages"}],"about":[{"href":"https:\/\/heimatverein-baccum.de\/index.php?rest_route=\/wp\/v2\/types\/page"}],"author":[{"embeddable":true,"href":"https:\/\/heimatverein-baccum.de\/index.php?rest_route=\/wp\/v2\/users\/1"}],"replies":[{"embeddable":true,"href":"https:\/\/heimatverein-baccum.de\/index.php?rest_route=%2Fwp%2Fv2%2Fcomments&post=202"}],"version-history":[{"count":16,"href":"https:\/\/heimatverein-baccum.de\/index.php?rest_route=\/wp\/v2\/pages\/202\/revisions"}],"predecessor-version":[{"id":2448,"href":"https:\/\/heimatverein-baccum.de\/index.php?rest_route=\/wp\/v2\/pages\/202\/revisions\/2448"}],"wp:attachment":[{"href":"https:\/\/heimatverein-baccum.de\/index.php?rest_route=%2Fwp%2Fv2%2Fmedia&parent=202"}],"curies":[{"name":"wp","href":"https:\/\/api.w.org\/{rel}","templated":true}]}}